 the third derivative of r**5/15 + r**4/3 + 7*r**3/6 - r**2. Suppose -3*n + 5*i - 9 = 8*i, -3*i - 4 = 2*n. List the prime factors of j(n).
67
Let x = 2805 - 1342. Suppose 5*r - x = -n, 3*r - 5*n + 1183 = 7*r. Suppose -h + r = 3*w, 3*w + 7*h - 296 = 2*h. What are the prime factors of w?
97
Let m = 117835 + -78250. What are the prime factors of m?
3, 5, 7, 13, 29
Let f = -5810 - -6479. List the prime factors of f.
3, 223
Let u(g) = g + 1. Let n be u(-4). Let x(i) = -3 - 215*i**2 + 448*i**2 - 222*i**2 + 1 - 6*i. List the prime factors of x(n).
5, 23
Suppose 7*b + 1938 = 12*b - w, 0 = 3*b + 2*w - 1168. Suppose -u + 2*z + 766 = u, 0 = -u - 4*z + b. What are the prime factors of u?
2, 3
Suppose 8892 = 10*y - 9488. List the prime factors of y.
2, 919
Suppose -8*g - 3 = -2*c - 13*g, 2*g + 1 = -3*c. List the prime factors of c/5 + (-1022)/(-35) + 5.
2, 17
Suppose -23*s - 18*s + 279857 = -238752. List the prime factors of s.
7, 13, 139
List the prime factors of 3874/39*(54/30)/(6/1420).
2, 71, 149
Let d(h) be the second derivative of h**4/12 + 7*h**3/2 + 35*h**2 + 4*h - 2. What are the prime factors of d(-26)?
2, 5
Let s = 98 + -90. Suppose -4*i = -s*i + y + 1044, y + 1305 = 5*i. What are the prime factors of i?
3, 29
Let m(g) = 146*g - 67. Suppose -623*f = -618*f - 35. What are the prime factors of m(f)?
5, 191
Suppose 9*b - 39 = 33. Suppose b*f - 776 = 2736. List the prime factors of f.
439
Let k be (1*12)/((-20)/((-90)/9)). Suppose k*t + 0*t - 702 = 0. List the prime factors of t.
3, 13
Suppose 0 = -2*h - 4*q + 62 - 14, -2*h + 2*q + 18 = 0. Suppose -16*y + 1247 = 3*l - h*y, y = 5*l - 2087. What are the prime factors of l?
3, 139
Suppose -2*w + 16187 = 5*h, 16175 = 9*w - 7*w + h. List the prime factors of w.
2, 13, 311
Let t(f) = f**3 - 11*f**2 + 11*f - 6. Let v be t(10). Suppose v*a + 405 = 1549. List the prime factors of a.
2, 11, 13
Let a(z) = z + 6. Let c be a(8). Let h be (4 + -9)*-1*c. List the prime factors of (-42)/h + (-916)/(-10).
7, 13
Suppose 17*y = 750334 - 103059. What are the prime factors of y?
5, 1523
Let q = 162 - 162. Suppose q*s - 5548 = -38*s. What are the prime factors of s?
2, 73
Suppose -44*p = 8*p. Let k(h) = h**2 - 7*h + 5. Let a be k(6). What are the prime factors of p + a - -2 - -124?
5
Suppose -4*a = -5*y + 18, -4*a + 0*y - y - 6 = 0. What are the prime factors of (9 + a - -4)*5?
5, 11
Let x = 12 + -3. Suppose -n + 1253 = 4*n - 4*i, 2*n + i = 496. Suppose x*f - n = 633. List the prime factors of f.
2, 7
Let q(a) be the second derivative of 0 + 1/12*a**4 + 19/2*a**2 + 9*a - 2/3*a**3. What are the prime factors of q(8)?
3, 17
Let c(z) be the first derivative of 3*z**4/4 - z**3/3 + 27. Let f be c(-3). Let y = 112 - f. List the prime factors of y.
2, 101
Let p = 2074 - -656. List the prime factors of (1/((-5)/612))/((-819)/p).
2, 3, 17
Suppose -n = 5*s, 2*n - 2*s - 30 = -18. Suppose -4*m + 5*m + n*d = 27, 2*m = 3*d + 28. List the prime factors of m.
17
List the prime factors of 225134/12 + 4/(-72)*(-21)/(-7).
73, 257
Suppose 0*i = 2*i + 660. List the prime factors of (-102450)/i + (-6)/(-11).
311
Let r = 73182 + -42911. List the prime factors of r.
30271
Let y(v) = -v**2 + v + 1. Let m(c) be the second derivative of -c**4/4 + c**3/6 + 11*c**2 + 2*c. Let d(n) = m(n) - y(n). List the prime factors of d(0).
3, 7
Let y(m) = -4*m**3 - m**3 + 4*m + 4*m**2 + 12*m + 17*m**2 + 4*m**3 + 9. List the prime factors of y(18).
3, 47
Let u(q) = -8 + 12*q - 35*q**2 - 7*q**2 + 50*q**2. List the prime factors of u(-7).
2, 3, 5
Let w(c) = 230*c**2 + 18*c + 1. List the prime factors of w(-8).
3, 43, 113
Suppose -5*q - 81*a = -79*a - 19938, 2*a + 3978 = q. List the prime factors of q.
2, 1993
Let k(y) = 526*y**2 - 204*y + 788. What are the prime factors of k(4)?
2, 3, 233
Suppose 4*d = -4*d + 24. Suppose -d*b - 36 = 2*u + b, -117 = 4*u - b. List the prime factors of 4/(2 + 54/u).
2, 7
Suppose -42 = 4*b - 2*i, 5*b + 66 + 6 = -4*i. List the prime factors of (939/b)/(7/(-84)).
3, 313
Suppose 1091 = -6*n + 341. What are the prime factors of (-4)/10 - 60925/n?
487
Let s(y) = -y. Let a be s(-3). Suppose -569 = -13*o + 172. Suppose -4*q = -a*q - o. List the prime factors of q.
3, 19
Let z(n) = -9*n - 76. Let c be z(18). Let i = 431 + c. List the prime factors of i.
193
Suppose u - 4236 = 4*a, -5*a + 3*a + 4266 = u. Suppose 0 = -46*t + 54*t - u. List the prime factors of t.
2, 7, 19
Let j(c) be the second derivative of 2*c**4/3 - 49*c**3/6 + 11*c**2/2 - 5*c. List the prime factors of j(11).
2, 5, 11
List the prime factors of 3 - 17/7 - (829576/(-14) + 8).
2, 7, 23
Suppose -3*n - 2*y - 362 = -n, 5*n = 5*y - 945. Let o = 434 + n. Suppose -d - o = -4*d. List the prime factors of d.
83
Let y = 233 + 1168. What are the prime factors of y?
3, 467
Let f(s) = s**3 - 15*s**2 + 25*s + 10. Let k be f(13). What are the prime factors of 798/(-63)*k/2?
19
Suppose -12*m + 1148 = -688. Suppose 0 = 163*a - m*a - 11040. What are the prime factors of a?
2, 3, 23
Let f(p) = -p**3 + 23*p**2 - 23*p - 8. Suppose -58 - 62 = -6*q. List the prime factors of f(q).
2, 3, 61
Suppose -6*p + 11*p - 80 = 0. Suppose -21*t + p*t = -15. Suppose t*i = -0*i + 102. What are the prime factors of i?
2, 17
Let l(y) = -2*y**2 - 16*y + 15. Let s be l(-9). Let d be (-4)/(-26) + (-10674)/(-78) + s. Suppose -w + d = 5. What are the prime factors of w?
3, 43
Suppose -3*k - 2*q = 9, -3*k = 5*q - 2*q + 6. What are the prime factors of (-3 + k/(-2))*(2 + -934)?
2, 233
Suppose 11*z + 0*z - 1136722 = -56*z. What are the prime factors of z?
2, 17, 499
Let j(h) = -41*h**3 - 68*h**2 - 95*h - 8. What are the prime factors of j(-11)?
2, 5, 23, 103
Suppose -13 = -2*n - 3*m - 5, 5*n - 2*m - 20 = 0. Suppose -n = -6*i + 5*i. Suppose -3*f + i = -17. What are the prime factors of f?
7
Suppose n - 5*m + 123 = 4*n, n = -3*m + 37. Let t = 46 - n. Suppose 4*l + l - 940 = t. List the prime factors of l.
2, 47
Let m(k) be the third derivative of 0*k + 2/3*k**3 + 0 + 1/6*k**4 - 1/20*k**5 + 1/120*k**6 - 14*k**2. List the prime factors of m(5).
2, 37
Let j(t) = -t**2 - 4*t + 2. Let p be j(-4). Suppose -p*x + 352 = -4*l, 0*l - 3*l + 380 = 2*x. Suppose -229 - x = -7*d. List the prime factors of d.
59
Suppose 0 = -198*w + 194*w + 16. Suppose -2*s = w*l - 1966, -4*l = -0*l - 4*s - 1996. List the prime factors of l.
2, 13, 19
List the prime factors of (-5)/(20/(-6)) + (-103016)/(-16).
2, 5, 7, 23
Let s(r) = 21*r + 14. Let u(h) = 7*h + 5. Let z(j) = 6*s(j) - 17*u(j). Let l be 1881/399 + (12/21)/2. List the prime factors of z(l).
2, 17
Suppose s + 5*f = 10*f + 4497, f - 22433 = -5*s. List the prime factors of s.
7, 641
Suppose -680 = 3*n - 806. Suppose -5*l - n + 2701 = 4*f, -l + 2*f + 543 = 0. What are the prime factors of l?
5, 107
Suppose -31230 = -44*u + 35*u. List the prime factors of u.
2, 5, 347
Let u(j) = 12*j**2 - j - 5. Let t be u(3). Suppose 29*s + t = 24*s. List the prime factors of (-10)/8 + 1 + (-3885)/s.
2, 97
Let a = 285 + -135. Let i(f) = 3*f**2 - 86*f + 162. Let t be i(2). Suppose 272 - a = t*c. List the prime factors of c.
61
Let p(i) = -i**2 + 19*i - 32. Let l be p(16). Let x be (-12)/l - 145/4. Let d = x - -107. What are the prime factors of d?
2, 5, 7
Let u = 68 - 39. Suppose 3*w - 117 = h, -20 - 29 = -w - 3*h. Suppose 3*p - u = w. List the prime factors of p.
23
Let s = 9489 + 11420. What are the prime factors of s?
7, 29, 103
Let o(h) = h**3 - 14*h**2 - 14*h + 15. Let d be o(15). Let a = 194 - d. List the prime factors of a.
2, 41
Suppose -3*w + 73728 = 28*u - 31*u, -4*w + 3*u + 98299 = 0. List the prime factors of w.
24571
Let n(k) = -11*k**2 + 284*k - 26. What are the prime factors of n(21)?
1087
Suppose -4*l - 2*q + 31131 = -40879, -5*l + q + 90002 = 0. List the prime factors of l.
47, 383
Let n(k) = 5*k**2 + 30*k + 18. Let j be n(-12). Suppose -2*b + 1958 = j. List the prime factors of b.
2, 5, 79
Let x(l) = l**2 + 15*l - 20. Let a = -22 - -5. Let y be x(a). What are the prime factors of 1054/y + (-2)/7?
3, 5
Let o(n) = -14*n - 39. Let f be ((-2 - 0) + -1)*(2 + -1). Let b be o(f). Suppose -2*i = -b*i - r + 175, 0 = -4*r - 4. List the prime factors of i.
2, 11
Let t be (-72)/48*(96/9)/(-2). Suppose -t*c - 2*c + 3410 = 0. List the prime factors of c.
11, 31
Let c(d) be the first derivative of -23*d**2/2